{"id":13,"date":"2024-05-17T20:08:36","date_gmt":"2024-05-17T18:08:36","guid":{"rendered":"https:\/\/gemellux.com\/?page_id=13"},"modified":"2024-10-14T01:31:36","modified_gmt":"2024-10-13T23:31:36","slug":"inicio","status":"publish","type":"page","link":"https:\/\/gemellux.com\/","title":{"rendered":"Inicio"},"content":{"rendered":"\n<div class=\"wp-block-cover alignfull is-light hestia-clear-top-padding\" style=\"min-height:1296px\"><span aria-hidden=\"true\" class=\"wp-block-cover__background has-white-background-color has-background-dim-100 has-background-dim\"><\/span><div class=\"wp-block-cover__inner-container is-layout-flow wp-block-cover-is-layout-flow\">\n<h2 class=\"wp-block-heading has-text-align-center has-text-color\" style=\"color:#3c4858\"> Servicios de Gemelos digitales e Industria 4.0<\/h2>\n\n\n\n<div style=\"height:40px\" aria-hidden=\"true\" class=\"wp-block-spacer\"><\/div>\n\n\n\n<div class=\"wp-block-columns container is-layout-flex wp-container-core-columns-layout-3 wp-block-columns-is-layout-flex\">\n<div class=\"wp-block-column is-layout-flow wp-block-column-is-layout-flow\"><div class=\"wp-block-image is-style-default\">\n<figure class=\"aligncenter size-full is-resized\"><img loading=\"lazy\" decoding=\"async\" width=\"788\" height=\"683\" src=\"https:\/\/gemellux.com\/wp-content\/uploads\/2024\/05\/Imagen-generada-x-IA-Modelo-urbano-3D-animada-About-WebPage-1.png\" alt=\"\" class=\"wp-image-24\" style=\"width:242px;height:auto\" srcset=\"https:\/\/gemellux.com\/wp-content\/uploads\/2024\/05\/Imagen-generada-x-IA-Modelo-urbano-3D-animada-About-WebPage-1.png 788w, https:\/\/gemellux.com\/wp-content\/uploads\/2024\/05\/Imagen-generada-x-IA-Modelo-urbano-3D-animada-About-WebPage-1-300x260.png 300w, https:\/\/gemellux.com\/wp-content\/uploads\/2024\/05\/Imagen-generada-x-IA-Modelo-urbano-3D-animada-About-WebPage-1-768x666.png 768w\" sizes=\"(max-width: 788px) 100vw, 788px\" \/><\/figure><\/div>\n\n\n<h5 class=\"wp-block-heading has-text-align-left has-text-color\" style=\"color:#3c4858;font-size:18px\">Plataforma IoT como servicio <\/h5>\n\n\n\n<p class=\"has-text-align-left has-text-color\" style=\"color:#999999;font-size:14px\">Facilita la creaci\u00f3n y personalizaci\u00f3n de ecosistemas de Internet de las cosas (IoT) basados en la plataforma FIWARE. Ofrece un entorno low-code para usuarios no programadores.<\/p>\n\n\n\n<div class=\"wp-block-columns is-layout-flex wp-container-core-columns-layout-1 wp-block-columns-is-layout-flex\">\n<div class=\"wp-block-column is-layout-flow wp-block-column-is-layout-flow\"><div class=\"wp-block-image is-style-default\">\n<figure class=\"aligncenter size-full is-resized\"><img loading=\"lazy\" decoding=\"async\" width=\"761\" height=\"761\" src=\"https:\/\/gemellux.com\/wp-content\/uploads\/2024\/05\/Imagen-generada-x-IA-Modelo-urbano-3D-con-puentes-edited.png\" alt=\"\" class=\"wp-image-125\" style=\"width:246px;height:auto\" srcset=\"https:\/\/gemellux.com\/wp-content\/uploads\/2024\/05\/Imagen-generada-x-IA-Modelo-urbano-3D-con-puentes-edited.png 761w, https:\/\/gemellux.com\/wp-content\/uploads\/2024\/05\/Imagen-generada-x-IA-Modelo-urbano-3D-con-puentes-edited-300x300.png 300w, https:\/\/gemellux.com\/wp-content\/uploads\/2024\/05\/Imagen-generada-x-IA-Modelo-urbano-3D-con-puentes-edited-150x150.png 150w\" sizes=\"(max-width: 761px) 100vw, 761px\" \/><\/figure><\/div>\n\n\n<h3 class=\"wp-block-heading has-text-align-left has-text-color\" style=\"color:#3c4858;font-size:18px\">Soluciones geoespaciales y modelos urbanos 3D<\/h3>\n\n\n\n<p class=\"has-text-align-left has-text-color\" style=\"color:#999999;font-size:14px\">Basado en est\u00e1ndares OGC e ISO se ofrecen soluciones geoespaciales de amplia gama, entre los que destacan los modelos urbanos 3D y anal\u00edticas de manejo sobre ellos.<\/p>\n<\/div>\n<\/div>\n\n\n\n<div style=\"height:25px\" aria-hidden=\"true\" class=\"wp-block-spacer\"><\/div>\n<\/div>\n\n\n\n<div class=\"wp-block-column is-layout-flow wp-block-column-is-layout-flow\"><div class=\"wp-block-image\">\n<figure class=\"aligncenter size-full is-resized\"><img loading=\"lazy\" decoding=\"async\" width=\"690\" height=\"671\" src=\"https:\/\/gemellux.com\/wp-content\/uploads\/2024\/05\/pngaaa.com-4865251.png\" alt=\"\" class=\"wp-image-68\" style=\"width:220px;height:auto\" srcset=\"https:\/\/gemellux.com\/wp-content\/uploads\/2024\/05\/pngaaa.com-4865251.png 690w, https:\/\/gemellux.com\/wp-content\/uploads\/2024\/05\/pngaaa.com-4865251-300x292.png 300w\" sizes=\"(max-width: 690px) 100vw, 690px\" \/><\/figure><\/div>\n\n\n<h5 class=\"wp-block-heading has-text-align-left has-text-color\" style=\"color:#3c4858;font-size:18px\">Integraci\u00f3n de datos con     Data Fabric  <\/h5>\n\n\n\n<p class=\"has-text-align-left has-text-color\" style=\"color:#999999;font-size:14px\">Permite la conexi\u00f3n a una amplia gama de fuentes de datos y abstrae sus complejidades, proporcionando una capa de acceso unificado.   <\/p>\n\n\n\n<div class=\"wp-block-columns is-layout-flex wp-container-core-columns-layout-2 wp-block-columns-is-layout-flex\">\n<div class=\"wp-block-column is-layout-flow wp-block-column-is-layout-flow\" style=\"flex-basis:100%\"><div class=\"wp-block-image is-style-default\">\n<figure class=\"aligncenter size-full is-resized\"><img loading=\"lazy\" decoding=\"async\" width=\"1024\" height=\"1024\" src=\"https:\/\/gemellux.com\/wp-content\/uploads\/2024\/05\/Digital-transformation-Assessment.png\" alt=\"\" class=\"wp-image-67\" style=\"width:238px;height:auto\" srcset=\"https:\/\/gemellux.com\/wp-content\/uploads\/2024\/05\/Digital-transformation-Assessment.png 1024w, https:\/\/gemellux.com\/wp-content\/uploads\/2024\/05\/Digital-transformation-Assessment-300x300.png 300w, https:\/\/gemellux.com\/wp-content\/uploads\/2024\/05\/Digital-transformation-Assessment-150x150.png 150w, https:\/\/gemellux.com\/wp-content\/uploads\/2024\/05\/Digital-transformation-Assessment-768x768.png 768w\" sizes=\"(max-width: 1024px) 100vw, 1024px\" \/><\/figure><\/div>\n\n\n<h3 class=\"wp-block-heading has-text-align-left has-text-color\" style=\"color:#3c4858;font-size:18px\">Asistencia t\u00e9cnica en transformaci\u00f3n digital e industria 4.0<\/h3>\n\n\n\n<div class=\"wp-block-group is-vertical is-layout-flex wp-container-core-group-layout-1 wp-block-group-is-layout-flex\">\n<p class=\"has-text-align-left has-text-color\" style=\"color:#999999;font-size:14px\">Acompa\u00f1a a las organizaciones en  diagn\u00f3sticos y hojas de ruta para adoptar la Transformaci\u00f3n digital y la Industria 4.0 de forma incremental y sostenible.<\/p>\n<\/div>\n<\/div>\n<\/div>\n<\/div>\n\n\n\n<div class=\"wp-block-column is-layout-flow wp-block-column-is-layout-flow\"><div class=\"wp-block-image is-style-default\">\n<figure class=\"aligncenter size-full is-resized\"><img loading=\"lazy\" decoding=\"async\" width=\"1024\" height=\"1024\" src=\"https:\/\/gemellux.com\/wp-content\/uploads\/2024\/10\/Digital-twin.jpg\" alt=\"\" class=\"wp-image-153\" style=\"width:240px;height:auto\" srcset=\"https:\/\/gemellux.com\/wp-content\/uploads\/2024\/10\/Digital-twin.jpg 1024w, https:\/\/gemellux.com\/wp-content\/uploads\/2024\/10\/Digital-twin-300x300.jpg 300w, https:\/\/gemellux.com\/wp-content\/uploads\/2024\/10\/Digital-twin-150x150.jpg 150w, https:\/\/gemellux.com\/wp-content\/uploads\/2024\/10\/Digital-twin-768x768.jpg 768w\" sizes=\"(max-width: 1024px) 100vw, 1024px\" \/><\/figure><\/div>\n\n\n<h5 class=\"wp-block-heading has-text-align-left has-text-color\" style=\"color:#3c4858;font-size:18px\">Gemelos digitales <\/h5>\n\n\n\n<p class=\"has-text-align-left has-text-color\" style=\"color:#999999;font-size:14px\">A trav\u00e9s de sombras y gemelos digitales se habilitan experimentos virtuales para analizar  escenarios, simular comportamiento y anticiparse a posibles problemas o mejoras.  <\/p>\n\n\n<div class=\"wp-block-image\">\n<figure class=\"aligncenter size-full is-resized\"><img loading=\"lazy\" decoding=\"async\" width=\"1024\" height=\"1024\" src=\"https:\/\/gemellux.com\/wp-content\/uploads\/2024\/10\/GenCraft-Nube.jpg\" alt=\"\" class=\"wp-image-152\" style=\"width:244px;height:auto\" srcset=\"https:\/\/gemellux.com\/wp-content\/uploads\/2024\/10\/GenCraft-Nube.jpg 1024w, https:\/\/gemellux.com\/wp-content\/uploads\/2024\/10\/GenCraft-Nube-300x300.jpg 300w, https:\/\/gemellux.com\/wp-content\/uploads\/2024\/10\/GenCraft-Nube-150x150.jpg 150w, https:\/\/gemellux.com\/wp-content\/uploads\/2024\/10\/GenCraft-Nube-768x768.jpg 768w\" sizes=\"(max-width: 1024px) 100vw, 1024px\" \/><\/figure><\/div>\n\n\n<h3 class=\"wp-block-heading has-text-align-left has-text-color\" style=\"color:#3c4858;font-size:18px\">Inteligencia y anal\u00edticas de negocio sobre espacios de datos interoperables <\/h3>\n\n\n\n<p class=\"has-text-color\" style=\"color:#999999;font-size:14px\">Facilita \u00a0entornos donde los datos pueden ser compartidos y utilizados de manera eficiente entre diferentes sistemas y departamentos.<\/p>\n<\/div>\n<\/div>\n\n\n\n<div style=\"height:0px\" aria-hidden=\"true\" class=\"wp-block-spacer\"><\/div>\n<\/div><\/div>\n\n\n\n<div class=\"wp-block-columns container is-layout-flex wp-container-core-columns-layout-4 wp-block-columns-is-layout-flex\">\n<div class=\"wp-block-column col-md-5 is-layout-flow wp-block-column-is-layout-flow\">\n<h2 class=\"wp-block-heading\">Acerca de Gemellux<\/h2>\n\n\n\n<p><strong>Gemellux<\/strong> (Sociedad \u00danica de Responsabilidad Limitada)&nbsp;es una Empresa de Base Tecnol\u00f3gica incubada en el Parque Cient\u00edfico Tecnol\u00f3gico de La Habana 3CE. Su misi\u00f3n se orienta a:&nbsp;<\/p>\n\n\n\n<ul>\n<li>Desarrollar agentes, plataformas y aplicaciones inform\u00e1ticas que tributen a la gesti\u00f3n de datos de forma interoperable y en todo su ciclo de vida.&nbsp;<\/li>\n\n\n\n<li>Brindar asistencia t\u00e9cnica en transformaci\u00f3n digital e Industria 4.0, con \u00e9nfasis en la integraci\u00f3n vertical y horizontal de datos.<\/li>\n<\/ul>\n\n\n\n<p>&nbsp;<\/p>\n<\/div>\n\n\n\n<div class=\"wp-block-column col-md-6 col-md-offset1 is-layout-flow wp-block-column-is-layout-flow\">\n<figure class=\"wp-block-image size-full\"><img loading=\"lazy\" decoding=\"async\" width=\"718\" height=\"789\" src=\"https:\/\/gemellux.com\/wp-content\/uploads\/2024\/05\/gemelos-digitales-urbanos.png\" alt=\"\" class=\"wp-image-53\" srcset=\"https:\/\/gemellux.com\/wp-content\/uploads\/2024\/05\/gemelos-digitales-urbanos.png 718w, https:\/\/gemellux.com\/wp-content\/uploads\/2024\/05\/gemelos-digitales-urbanos-273x300.png 273w\" sizes=\"(max-width: 718px) 100vw, 718px\" \/><\/figure>\n\n\n\n<div style=\"height:55px\" aria-hidden=\"true\" class=\"wp-block-spacer\"><\/div>\n<\/div>\n<\/div>\n\n\n\n<div class=\"wp-block-group alignfull has-contrast-color has-text-color is-vertical is-content-justification-center is-layout-flex wp-container-core-group-layout-2 wp-block-group-is-layout-flex\" style=\"min-height:40vh;margin-top:0;margin-bottom:0;padding-top:var(--wp--preset--spacing--60);padding-right:var(--wp--preset--spacing--50);padding-bottom:var(--wp--preset--spacing--60);padding-left:var(--wp--preset--spacing--50)\"><div style=\"margin-bottom:6px;\" class=\"is-default-size aligncenter wp-block-site-logo\"><a href=\"https:\/\/gemellux.com\/\" class=\"custom-logo-link\" rel=\"home\"><img loading=\"lazy\" decoding=\"async\" width=\"225\" height=\"212\" src=\"https:\/\/gemellux.com\/wp-content\/uploads\/2024\/05\/03-Vertical-sin-Generico-ni-nombre-solo-Logo-2-tintas-agrandado.png\" class=\"custom-logo\" alt=\"gemellux.com\" \/><\/a><\/div>\n\n\n<p class=\"has-text-align-center has-medium-font-size\">Funciona gracias a <a href=\"https:\/\/wordpress.org\">WordPress<\/a><\/p>\n\n\n\n<ul class=\"wp-block-social-links has-normal-icon-size is-style-logos-only is-nowrap is-layout-flex wp-container-core-social-links-layout-1 wp-block-social-links-is-layout-flex\"><li class=\"wp-social-link wp-social-link-facebook  wp-block-social-link\"><a href=\"https:\/\/#\" class=\"wp-block-social-link-anchor\"><svg width=\"24\" height=\"24\" viewBox=\"0 0 24 24\" version=\"1.1\" xmlns=\"http:\/\/www.w3.org\/2000\/svg\" aria-hidden=\"true\" focusable=\"false\"><path d=\"M12 2C6.5 2 2 6.5 2 12c0 5 3.7 9.1 8.4 9.9v-7H7.9V12h2.5V9.8c0-2.5 1.5-3.9 3.8-3.9 1.1 0 2.2.2 2.2.2v2.5h-1.3c-1.2 0-1.6.8-1.6 1.6V12h2.8l-.4 2.9h-2.3v7C18.3 21.1 22 17 22 12c0-5.5-4.5-10-10-10z\"><\/path><\/svg><span class=\"wp-block-social-link-label screen-reader-text\">Facebook<\/span><\/a><\/li>\n\n<li class=\"wp-social-link wp-social-link-twitter  wp-block-social-link\"><a href=\"https:\/\/#\" class=\"wp-block-social-link-anchor\"><svg width=\"24\" height=\"24\" viewBox=\"0 0 24 24\" version=\"1.1\" xmlns=\"http:\/\/www.w3.org\/2000\/svg\" aria-hidden=\"true\" focusable=\"false\"><path d=\"M22.23,5.924c-0.736,0.326-1.527,0.547-2.357,0.646c0.847-0.508,1.498-1.312,1.804-2.27 c-0.793,0.47-1.671,0.812-2.606,0.996C18.324,4.498,17.257,4,16.077,4c-2.266,0-4.103,1.837-4.103,4.103 c0,0.322,0.036,0.635,0.106,0.935C8.67,8.867,5.647,7.234,3.623,4.751C3.27,5.357,3.067,6.062,3.067,6.814 c0,1.424,0.724,2.679,1.825,3.415c-0.673-0.021-1.305-0.206-1.859-0.513c0,0.017,0,0.034,0,0.052c0,1.988,1.414,3.647,3.292,4.023 c-0.344,0.094-0.707,0.144-1.081,0.144c-0.264,0-0.521-0.026-0.772-0.074c0.522,1.63,2.038,2.816,3.833,2.85 c-1.404,1.1-3.174,1.756-5.096,1.756c-0.331,0-0.658-0.019-0.979-0.057c1.816,1.164,3.973,1.843,6.29,1.843 c7.547,0,11.675-6.252,11.675-11.675c0-0.178-0.004-0.355-0.012-0.531C20.985,7.47,21.68,6.747,22.23,5.924z\"><\/path><\/svg><span class=\"wp-block-social-link-label screen-reader-text\">Twitter<\/span><\/a><\/li>\n\n<li class=\"wp-social-link wp-social-link-wordpress  wp-block-social-link\"><a href=\"https:\/\/#\" class=\"wp-block-social-link-anchor\"><svg width=\"24\" height=\"24\" viewBox=\"0 0 24 24\" version=\"1.1\" xmlns=\"http:\/\/www.w3.org\/2000\/svg\" aria-hidden=\"true\" focusable=\"false\"><path d=\"M12.158,12.786L9.46,20.625c0.806,0.237,1.657,0.366,2.54,0.366c1.047,0,2.051-0.181,2.986-0.51 c-0.024-0.038-0.046-0.079-0.065-0.124L12.158,12.786z M3.009,12c0,3.559,2.068,6.634,5.067,8.092L3.788,8.341 C3.289,9.459,3.009,10.696,3.009,12z M18.069,11.546c0-1.112-0.399-1.881-0.741-2.48c-0.456-0.741-0.883-1.368-0.883-2.109 c0-0.826,0.627-1.596,1.51-1.596c0.04,0,0.078,0.005,0.116,0.007C16.472,3.904,14.34,3.009,12,3.009 c-3.141,0-5.904,1.612-7.512,4.052c0.211,0.007,0.41,0.011,0.579,0.011c0.94,0,2.396-0.114,2.396-0.114 C7.947,6.93,8.004,7.642,7.52,7.699c0,0-0.487,0.057-1.029,0.085l3.274,9.739l1.968-5.901l-1.401-3.838 C9.848,7.756,9.389,7.699,9.389,7.699C8.904,7.67,8.961,6.93,9.446,6.958c0,0,1.484,0.114,2.368,0.114 c0.94,0,2.397-0.114,2.397-0.114c0.485-0.028,0.542,0.684,0.057,0.741c0,0-0.488,0.057-1.029,0.085l3.249,9.665l0.897-2.996 C17.841,13.284,18.069,12.316,18.069,11.546z M19.889,7.686c0.039,0.286,0.06,0.593,0.06,0.924c0,0.912-0.171,1.938-0.684,3.22 l-2.746,7.94c2.673-1.558,4.47-4.454,4.47-7.771C20.991,10.436,20.591,8.967,19.889,7.686z M12,22C6.486,22,2,17.514,2,12 C2,6.486,6.486,2,12,2c5.514,0,10,4.486,10,10C22,17.514,17.514,22,12,22z\"><\/path><\/svg><span class=\"wp-block-social-link-label screen-reader-text\">WordPress<\/span><\/a><\/li><\/ul>\n<\/div>\n\n\n\n\n\n\n<h2 class=\"wp-block-post-title\">Inicio<\/h2>\n\n\n\n\n<p><\/p>\n\n\n\n<p><\/p>\n","protected":false},"excerpt":{"rendered":"<p>Acerca de Gemellux Gemellux (Sociedad \u00danica de Responsabilidad Limitada)&nbsp;es una Empresa de Base Tecnol\u00f3gica incubada en el Parque Cient\u00edfico Tecnol\u00f3gico de La Habana 3CE. Su misi\u00f3n se orienta a:&nbsp; &nbsp; Funciona gracias a WordPress<\/p>\n","protected":false},"author":1,"featured_media":109,"parent":0,"menu_order":0,"comment_status":"closed","ping_status":"closed","template":"","meta":{"_monsterinsights_skip_tracking":false,"_monsterinsights_sitenote_active":false,"_monsterinsights_sitenote_note":"","_monsterinsights_sitenote_category":0,"footnotes":""},"aioseo_notices":[],"_links":{"self":[{"href":"https:\/\/gemellux.com\/index.php?rest_route=\/wp\/v2\/pages\/13"}],"collection":[{"href":"https:\/\/gemellux.com\/index.php?rest_route=\/wp\/v2\/pages"}],"about":[{"href":"https:\/\/gemellux.com\/index.php?rest_route=\/wp\/v2\/types\/page"}],"author":[{"embeddable":true,"href":"https:\/\/gemellux.com\/index.php?rest_route=\/wp\/v2\/users\/1"}],"replies":[{"embeddable":true,"href":"https:\/\/gemellux.com\/index.php?rest_route=%2Fwp%2Fv2%2Fcomments&post=13"}],"version-history":[{"count":27,"href":"https:\/\/gemellux.com\/index.php?rest_route=\/wp\/v2\/pages\/13\/revisions"}],"predecessor-version":[{"id":164,"href":"https:\/\/gemellux.com\/index.php?rest_route=\/wp\/v2\/pages\/13\/revisions\/164"}],"wp:featuredmedia":[{"embeddable":true,"href":"https:\/\/gemellux.com\/index.php?rest_route=\/wp\/v2\/media\/109"}],"wp:attachment":[{"href":"https:\/\/gemellux.com\/index.php?rest_route=%2Fwp%2Fv2%2Fmedia&parent=13"}],"curies":[{"name":"wp","href":"https:\/\/api.w.org\/{rel}","templated":true}]}}